 11, what is 373a9 + 59?
37457
In base 9, what is -1 + 21683?
21682
In base 12, what is -4 + -939b?
-93a3
In base 2, what is 1110 + -1100100000101?
-1100011110111
In base 9, what is 5064 + 4?
5068
In base 13, what is -5 - 496b?
-4973
In base 16, what is 31a7c - 3?
31a79
In base 8, what is 17 - -3170?
3207
In base 10, what is 130716 - -4?
130720
In base 7, what is -21 + -423114?
-423135
In base 9, what is 7 - -1061450?
1061457
In base 9, what is -3 - -21316?
21313
In base 2, what is -100100101 - 100000110100?
-100101011001
In base 6, what is -4123243 - -13?
-4123230
In base 15, what is 5 + 1cbc?
1cc2
In base 9, what is 82488 + -16?
82472
In base 12, what is 3a9ba3 + 0?
3a9ba3
In base 14, what is 4 - -13c79?
13c7d
In base 6, what is 11 - -515031?
515042
In base 12, what is -b25 + 1a1?
-944
In base 10, what is 2337 + 352?
2689
In base 6, what is 10005440 - -3?
10005443
In base 4, what is 3012 + -30?
2322
In base 9, what is -16 - 17707?
-17724
In base 4, what is 11232101 + 12?
11232113
In base 14, what is -7 - -324a?
3243
In base 6, what is -4 + 331251?
331243
In base 5, what is -2043 + 31?
-2012
In base 10, what is 711 + -29?
682
In base 6, what is 13314225 - -5?
13314234
In base 12, what is -444 + 2568?
2124
In base 2, what is 101 - -101100011101011101?
101100011101100010
In base 3, what is 21 + -12100122211?
-12100122120
In base 12, what is 9 - -8697?
86a4
In base 11, what is -46a + -36?
-4a5
In base 13, what is -3 - -bc35?
bc32
In base 4, what is -12 + 23310023?
23310011
In base 12, what is 5 - -595a?
5963
In base 13, what is 5 + -25714?
-2570c
In base 12, what is 12 - -536?
548
In base 9, what is 1537 - 87?
1440
In base 13, what is -a + -18c1b?
-18c28
In base 10, what is 11 + 5866?
5877
In base 8, what is -5 + -107677?
-107704
In base 5, what is 302021132 + -10?
302021122
In base 11, what is 8278 - -161?
8429
In base 15, what is 3 + a6c28?
a6c2b
In base 8, what is 1414132 - 5?
1414125
In base 6, what is 125 + 143341?
143510
In base 11, what is -13 + -24378?
-24390
In base 12, what is -7 - -8166?
815b
In base 8, what is 5 + -1335?
-1330
In base 5, what is 23420 + 12?
23432
In base 14, what is 3c + -4b3?
-475
In base 8, what is -5 - 212665?
-212672
In base 6, what is -4 - -111350?
111342
In base 11, what is 2508 - -2a?
2537
In base 5, what is 11 - 131030112?
-131030101
In base 14, what is 79a2 + 6?
79a8
In base 15, what is -12 + -1884?
-1896
In base 10, what is -65 + -154?
-219
In base 11, what is -12513 - -24?
-1249a
In base 5, what is 42111101 + -3?
42111043
In base 11, what is -57 - 20066?
-20112
In base 9, what is 71 + -103?
-22
In base 8, what is 1550277 - 5?
1550272
In base 14, what is -66 + 80?
18
In base 16, what is -23 - 74?
-97
In base 6, what is -250321 + -24?
-250345
In base 15, what is c - -67b9?
67c6
In base 12, what is -3a525 - 6?
-3a52b
In base 9, what is 3 + -44685?
-44682
In base 7, what is 325 - -561?
1216
In base 12, what is -1345 + -15?
-135a
In base 7, what is 1 - -2065?
2066
In base 16, what is -e67 + -4?
-e6b
In base 9, what is -715 - 150?
-865
In base 12, what is 3 + 65640?
65643
In base 3, what is -122 + -210001201?
-210002100
In base 5, what is 10110244 - 4?
10110240
In base 12, what is -94b337 - 0?
-94b337
In base 9, what is 6 + -12252?
-12245
In base 15, what is -1d5d1 - 4?
-1d5d5
In base 11, what is 55a47 + 6?
55a52
In base 13, what is -51a - -18?
-502
In base 10, what is -537 - -29?
-508
In base 15, what is -48 + -483?
-4cb
In base 6, what is -104010 - 134?
-104144
In base 15, what is -173da - -5?
-173d5
In base 9, what is -4362147 - 3?
-4362151
In base 10, what is 4860 - -8?
4868
In base 7, what is 12663 + -24?
12636
In base 5, what is -10221 - -144?
-10022
In base 8, what is -74 + -14410?
-14504
In base 7, what is -22354 - 150?
-22534
In base 14, what is 503d8 + -3?
503d5
In base 10, what is -137 + -4606?
-4743
In base 6, what is -154 - -3?
-151
In base 14, what is -1932d8 - 0?
-1932d8
In base 13, what is 7325 + c8?
7420
In base 16, what is -a - 3058?
-3062
In base 6, what is -330 + 554?
224
In base 2, what is 10011001010 - 100?
10011000110
In base 2, what is -101000110 + 11110010?
-1010100
In base 10, what is 74735 - -10?
74745
In base 4, what is 12233311332 + -1?
12233311331
In base 7, what is -1104 - -36?
-1035
In base 6, what is -2 - 1233341?
-1233343
In base 15, what is 657 - 638?
1e
In base 5, what is 2030 + -30421?
-23341
In base 6, what is -4 + -11012332?
-11012340
In base 2, what is -11000111011 + -1010010011?
-100011001110
In base 12, what is 5 - -217a5?
217aa
In base 4, what is -20132003 - -3?
-20132000
In base 4, what is -11123 - 1000?
-12123
In base 14, what is da9 - 3b?
d6c
In base 15, what is -3501c - -b?
-35011
In base 14, what is -d2 - 5657?
-5749
In base 13, what is 322185 - -1?
322186
In base 7, what is 4 + 206122?
206126
In base 9, what is -22 - -3860?
3837
In base 11, what is -1743 - 0?
-1743
In base 5, what is 3 - -34104332?
34104340
In base 4, what is 13100303 - 1?
13100302
In base 3, what is -10111000 - 10112?
-10121112
In base 16, what is -11b - 7c5?
-8e0
In base 9, what is -1683 - -21?
-1662
In base 11, what is -1817 + -3?
-181a
In base 5, what is -10002404 + 3?
-10002401
In base 7, what is -3 - 5351263?
-5351266
In base 11, what is 81 + 338?
409
In base 13, what is -6575b3 + -4?
-6575b7
In base 6, what is 1534 + 4003?
5541
In base 15, what is -3696 + -b?
-36a2
In base 6, what is -221 - -3550?
3325
In base 6, what is 0 + 400?
400
In base 2, what is -1000110101011111 - -110?
-1000110101011001
In base 12, what is -b1130 - -2?
-b112a
In base 6, what is -225303 + 0?
-225303
In base 10, what is 60807 - -3?
60810
In base 3, what is -11011102212 + 2?
-11011102210
In base 7, what is 6 + -651605?
-651566
In base 8, what is 207345 - -12?
207357
In base 10, what is -3 + -10454?
-10457
In base 4, what is 200 - -231?
1031
In base 9, what is 610 + -106?
503
In base 7, what is 1604312 - -3?
1604315
In base 16, what is 7 + -17689?
-17682
In base 8, what is -323 + 415?
72
In base 8, what is -12505 + -1?
-12506
In base 3, what is -2220001 + 202?
-2212022
In base 15, what is -23571 + a?
-23566
In base 4, what is 1320312 - -311?
1321223
In base 10, what is -18416 - 14?
-18430
In base 15, what is e5 - -23e?
334
In base 2, what is -1100000 + -1001100000111001?
-1001100010011001
In base 9, what is -418368 - -3?
-418365
In base 13, what is -b4 - -1b99?
1ab5
In base 5, what is -2402 - -42101?
34144
In base 15, what is -8 + -a7c04?
-a7c0c
In base 7, what is -226102 - -52?
-226020
In base 6, what is 2 - -1012?
1014
In base 11, what is 1577a1 - 1?
1577a0
In base 5, what is 243 - 1322?
-1024
In base 10, what is 0 + 6703?
6703
In base 6, what is -5 - -255441?
255432
In base 9, what is 28818 - 5?
28813
In base 13, what is -16 + -2922?
-2938
In base 14, what is 0 + c438?
c438
In base 10, what is 35 + 1539?
1574
In base 3, what is 11020 - 1201200?
-1120110
In base 4, what is -10033233 + 0?
-10033233
In base 15, what is 5 + c1b2?
c1b7
In base 14, what is 6 + -1184?
-117c
In base 5, what is 423202 - 102?
423100
In base 6, what is 134 - 103050?
-102512
In base 9, what is 8 + 23062?
23071
In base 8, what is 423120 - 10?
423110
In base 16, what is d2d11 - -5?
d2d16
In base 2, what is -1100001000001 - -101?
-1100000111100
In base 8, what is 132115 + 6?
132123
In base 9, what is -27010 + -3?
-27013
In base 2, what is -1100000100011101 + -10?
-1100000100011111
In base 2, what is -11 - -1000000011011100?
1000000011011001
In base 7, what is -22231 + -2?
-22233
In base 14, what is -8c4c2 - -2?
-8c4c0
In base 5, what is 12 + 1240434?
1241001
In base 6, what is 1 - -34250353?
34250354
In base 3, what is 202021 - 20021?
112000
In base 16, what is -b0f86 - 0?
-b0f86
In base 12, what is 1 - 499a4?
-499a3
In base 14, what is 9 + -3aa8?
-3a9d
In base 8, what is -2 + -146457?
-146461
In base 14, what is 0 + -38c0?
-38c0
In base 4, what is -13201102 + 1?
-13201101
In base 4, what is -2211133 - 121?
-2211320
In base 3, what is -10020220021 + -11?
-10020220102
In base 9, what is -16 - 36344?
-36361
In base 15, what is -ca8 - -21?
-c87
In base 8, what is 1563 - 352?
1211
In base 10, what is -4 + -8404?
-8408
In base 11, what is 237 + -1043?
-907
In base 11, what is 347 - -12?
359
In base 11, what is 4 - -105a568?
105a571
In base 4, what